s digit of h?
9
Suppose -4*y + 0*y = -64. Let r be 8/(-20) - y/10. What is the units digit of 3/(r - -5)*1?
1
Suppose 3*q - 10 = -2*q. Suppose 5*f = q*d - 42, 2*d - f - 58 = -0*f. What is the units digit of d?
1
Suppose -8*s = a - 3*s - 149, 3*s = -a + 155. What is the tens digit of a?
6
Suppose -11 = -r - 4. Let v(m) = m - 6. Let s(u) = -3*u + 19. Let c(f) = 3*s(f) + 8*v(f). What is the units digit of c(r)?
2
Let w(u) = -5*u**3 + u**2 + 2*u + 1. Let a be 3 + -1 + 1 + -1. Let k be w(a). Let t = k - -43. What is the tens digit of t?
1
Suppose 83 = 5*c + 3*o - 9, 5*c - 3*o - 68 = 0. What is the tens digit of c?
1
Suppose 0*m + z + 50 = -4*m, 5*m + 67 = z. Let f = m - -27. What is the units digit of f?
4
Let o = 7 + -11. Let y = 19 + o. Suppose 5 - y = -5*q. What is the units digit of q?
2
Suppose -5*m - 6 - 89 = -5*t, -4*m = t - 4. What is the units digit of t?
6
Let b = 2 + -2. Suppose -z + b*z = -15. Suppose 5*p = z + 20. What is the units digit of p?
7
Let g(d) = 11*d**3 - d**2. What is the tens digit of g(1)?
1
Let b(u) = u**2 - 3*u - 6. What is the tens digit of b(7)?
2
Let t(z) = -2*z. Let a be t(0). Let i = 22 + a. What is the tens digit of i?
2
Let i(d) = 8*d - 29. What is the units digit of i(12)?
7
Suppose -2*o - o + 153 = 0. What is the units digit of o?
1
Suppose 14 - 2 = 4*s. Let o = 40 - 31. What is the units digit of s/(o/(-6)) - -9?
7
Suppose 5*q - 4 = 66. What is the tens digit of q?
1
Let n be -2 - 3/((-3)/17). Suppose -n = -3*w - 2*w. Suppose -w*t = -32 + 11. What is the units digit of t?
7
Suppose -b = 4*i - 784, 4*i - 425 = b + 359. What is the tens digit of i?
9
Suppose b = 5*b - 24. Suppose -6*y = -3*y - b. Suppose -2*i = -i - y. What is the units digit of i?
2
Let c(w) = w**2 - 3*w + 4. Let d be c(3). Suppose 9*h = d*h - 3*t + 34, -3*h + t = -12. Suppose 0 = b - 3 - h. What is the units digit of b?
8
Suppose -426 = -2*p - 2*h, p - 217 = 4*h - h. What is the units digit of p?
4
Suppose 5*f = 3 + 17. Suppose f - 12 = -j. What is the units digit of j?
8
Suppose 5*v + 251 - 652 = -f, 0 = -4*f - 16. What is the tens digit of v?
8
Suppose 21 = -4*b + 3*j, 2*j + 2*j = -2*b - 16. Let m be 4/b + 52/6. Suppose 0 = 4*t - 20 - m. What is the units digit of t?
7
Let i = 499 - 270. What is the units digit of i?
9
Let d(f) = 4*f**3 - 3*f - 7. What is the tens digit of d(3)?
9
Suppose -5*k + 11 = -114. Let l = k + -18. What is the units digit of l?
7
Suppose -5*v - b = 4 - 15, -v + 6 = 4*b. Suppose -4*h + v*h = -24. What is the tens digit of h?
1
Let p(r) = -r - 7. Let z be p(-9). What is the units digit of 276/48 - z/(-8)?
6
Suppose 2*f = f + 16. What is the tens digit of f?
1
Let b(o) be the first derivative of o**3/3 - 5*o**2/2 - 10*o + 2. Let f be b(7). Suppose f*d - 3*p - 24 = p, 3*d + 4*p = 18. What is the units digit of d?
6
Let o(a) be the third derivative of a**6/120 + 3*a**5/20 + a**4/3 + 7*a**3/6 - 5*a**2. What is the tens digit of o(-7)?
4
Suppose -2*i + 1 = o + 2, 4*i - 23 = 3*o. Let h(y) = 5*y + 2. What is the units digit of h(i)?
2
Suppose 5*b = 5*i - 0*i - 50, i = -b + 10. Suppose 1 - 7 = -2*c. Let z = i - c. What is the units digit of z?
7
Suppose -22 = -3*o - 4*p, -o + 6 + 12 = 4*p. Let a = 2 + 1. Suppose -3*w + w + a*v = -o, 4*v - 8 = 0. What is the units digit of w?
4
Let y(g) = g**2 - 4*g + 2. Let b be y(3). Let u(c) = -31*c**3 + 3*c**2 + 2*c. What is the units digit of u(b)?
2
Let h(d) be the second derivative of d**4/12 + d**3/6 - d**2 - 3*d. What is the units digit of h(-7)?
0
Suppose 135 = 5*i + 445. Let d = 126 + i. Suppose 3*b - 36 = b + 3*g, 4*b = 4*g + d. What is the tens digit of b?
1
What is the tens digit of -3 + (-453)/(-5) - (-3)/(-5)?
8
Let q(z) = -z**2 + 12*z - 9. What is the tens digit of q(8)?
2
Suppose -5 = -3*g + 7. Suppose 0*t + g = -2*t. What is the units digit of t/(36/21 + -2)?
7
Let o = 15 - 14. What is the tens digit of (23*o)/(7 + -6)?
2
Let l(d) = -d**3 + d**2 - d - 1. Let s be l(-3). Suppose s = 3*w - 37. What is the units digit of w?
5
Let g be (-2)/(0 + -2) + 6. Suppose r + 2*u - g = 0, -5*u = -2*r - 2 - 2. What is the units digit of r?
3
Let z = 30 + -1. Let v = -18 + z. What is the units digit of v?
1
Let k(y) = 10*y - 5. What is the units digit of k(5)?
5
Let x(o) = o**3 + 6*o**2 + 6*o + 2. Let b be x(-4). Let j = b + 6. What is the units digit of j?
6
Let b = -40 + 42. What is the units digit of b?
2
Let f = -17 + 34. Let i = 29 - f. What is the tens digit of i?
1
Let i(c) = c**2 - 3*c. Let x be i(5). What is the units digit of 2/6*3 + x?
1
Let i be (10/(-6))/((-1)/6). Suppose 6*r - i = 4*r. Suppose -b + 9*g - 13 = 4*g, -r*g = b - 17. What is the units digit of b?
2
Suppose o - 86 = -o. What is the units digit of o?
3
Let k = -4 + 3. Let z = k - -13. What is the units digit of (15/z + -1)*4?
1
Let i(o) = o**3 + 3*o - 1 + 3 - 2 - 3*o**2 + 4. What is the tens digit of i(3)?
1
Let x(f) = 4 - 3 - 2*f + 10*f. What is the units digit of x(5)?
1
Suppose -2*o - 1393 = -5*w, 276 = w - 9*o + 6*o. What is the units digit of w?
9
Let k(s) = -9*s**3 + s**2. Let w be k(-1). Suppose -3*j - 2 = -j. Let d = w - j. What is the tens digit of d?
1
Suppose 0 = p + 2*o - 25, -2*p - o + 85 = -4*o. What is the tens digit of p?
3
Suppose 2*h - 68 = 64. What is the tens digit of h?
6
Let b(a) = 56*a - 10. What is the tens digit of b(2)?
0
Suppose -4*p - p = 20. What is the units digit of (3/(-4))/(p/16)?
3
Let f(o) = 120*o**2 - 4*o + 3. What is the units digit of f(1)?
9
Suppose -s = -17 - 17. Suppose 4*p - s = 42. What is the tens digit of p?
1
Let u(i) = i + 1. Let v be u(1). Suppose -4*y + 150 = 2*y. Suppose 0 + 15 = -3*m, -v*k = -m - y. What is the tens digit of k?
1
Suppose -3*q - r + 30 = 2*r, 5*q - 4*r = 14. Let j = 4 - 5. What is the units digit of 58/q + j/(-3)?
0
Let c(j) = j**3 - 4*j**2 + 2*j + 3. Let z be c(3). Suppose 8*f - 2*y = 4*f + 42, z = -4*f - y + 39. What is the tens digit of f?
1
Let h(z) = 0 - 2 - 1 - 5*z + 12*z. What is the units digit of h(4)?
5
Let s(y) = -3*y + 1. Suppose 5*x = -19 - 16. What is the tens digit of s(x)?
2
Suppose -k + 10 = -116. What is the hundreds digit of k?
1
Suppose 4*w + k - 846 = -0*k, -4*w + 838 = -3*k. What is the units digit of w?
1
Let y(z) = -z**3 - 18*z**2 - z + 59. What is the tens digit of y(-18)?
7
Suppose 4 = 3*w + r + 4*r, 5*r = 2*w - 11. Suppose 9 = d + 2*d, w*u + d = 48. What is the units digit of u?
5
Let m(l) = 4*l + 1. Suppose -3*w = 2*z - 1, -3*z + 4*w - 2*w = -8. What is the units digit of m(z)?
9
Let l be 2*(1 + -3 - -4). Suppose -3*w + 6*w = 6. Suppose 5*x = -3*g + 2*x + 39, 0 = -w*g + l*x + 8. What is the tens digit of g?
1
Suppose 0 = q - v - 6, -5*q = -0*v - 3*v - 26. Suppose 3*n = -i - 3*i + 76, q*n = -5*i + 96. Suppose 6*x - 2*x - i = 0. What is the units digit of x?
4
What is the units digit of 73 + (-4)/4*4?
9
Suppose 0 = -5*v, -543 = -3*w - 2*v - 2*v. What is the hundreds digit of w?
1
Let n = -4 + 8. Suppose 46 = 3*r - 8. Suppose n*q = -2 + r. What is the units digit of q?
4
Suppose 54 + 118 = 4*b. Suppose -3*n - b = -d, -2*n = -n + 5. Let l = d + -18. What is the tens digit of l?
1
Let n(q) = 2 + 1 - q - 2 + 6. Let f be n(4). Suppose -p = -f*y + 54, 0*y - 3*y - p = -48. What is the tens digit of y?
1
Suppose 2*o - 1 = 7. Let m(s) = s**2 + 2*s - 1. What is the tens digit of m(o)?
2
Suppose 0*j + r - 20 = -4*j, -2*j + 5*r = 12. Let d be ((0/3)/(-2))/(-1). Suppose d = 3*a - j*t - 13, -a - 1 = t - 3. What is the units digit of a?
3
Suppose -5*f + 8 = -7, 3*o - 51 = -3*f. Let s = 23 - o. What is the units digit of s?
9
Suppose 2*f + p - 7 = 0, 2*p = -2*p + 12. Suppose -f*n + 6 = n. Suppose 0 = 2*k + n, 0 = h - 3*k - 5. What is the units digit of h?
2
Let q = -3 + 4. Let l = q - 8. Let b = 13 + l. What is the units digit of b?
6
Suppose 3*u = 2*u - 5*z + 31, 3*u - 5*z - 73 = 0. Suppose 4*c - u = -m, -c - 70 = -2*m - 2*m. What is the tens digit of m?
1
Suppose -5*u = -3*l + 205, 0*l + l = 5*u + 55. Suppose 7*c - 4*c = l. What is the units digit of c?
5
Suppose -2*x + 222 = 34. What is the tens digit of x?
9
Suppose x - 44 = o, 4*x = -3*o - o - 152. Let p = o + 58. What is the tens digit of p?
1
What is the tens digit of 8/14 - (-2768)/56?
5
Suppose -5*l - k = 0, -2*l = -0*k - 3*k. Let t = l - 6. What is the units digit of (9/t - -2)